{"id":123,"date":"2025-04-28T21:10:24","date_gmt":"2025-04-28T19:10:24","guid":{"rendered":"https:\/\/www.dm-elec-plomberie.com\/?page_id=123"},"modified":"2025-04-28T22:55:20","modified_gmt":"2025-04-28T20:55:20","slug":"page-daccueil","status":"publish","type":"page","link":"https:\/\/www.dm-elec-plomberie.com\/","title":{"rendered":"Page d\u2019accueil"},"content":{"rendered":"\n<div class=\"wp-block-group alignfull welcome has-global-padding is-layout-constrained wp-container-core-group-is-layout-85993dcc wp-block-group-is-layout-constrained\" style=\"margin-top:0px;padding-top:70px;padding-right:30px;padding-bottom:var(--wp--preset--spacing--x-large);padding-left:30px\">\n<h1 class=\"wp-block-heading has-text-align-center has-max-72-font-size\" style=\"margin-bottom:0px;letter-spacing:-1px\">L&rsquo;Exigence au C\u0153ur de Votre Confort en Savoie <\/h1>\n\n\n\n<p class=\"has-text-align-center has-large-font-size\">Experts en \u00e9lectricit\u00e9 et plomberie pour des installations durables et de qualit\u00e9, au service de votre bien-\u00eatre dans toute la Savoie.<br>\ud83d\udeb0\ud83d\udca1<\/p>\n\n\n\n<div class=\"wp-block-buttons is-content-justification-center is-layout-flex wp-container-core-buttons-is-layout-72315a37 wp-block-buttons-is-layout-flex\" style=\"margin-top:30px\">\n<div class=\"wp-block-button\"><a class=\"wp-block-button__link has-small-font-size has-custom-font-size wp-element-button\" href=\"#nos-services\">Nos services<\/a><\/div>\n\n\n\n<div class=\"wp-block-button is-style-outline-background is-style-outline is-style-outline--1\"><a class=\"wp-block-button__link has-small-font-size has-custom-font-size wp-element-button\" href=\"mailto:contact@dm-elec-plomberie.com\">Nous parler de votre projet<\/a><\/div>\n<\/div>\n<\/div>\n\n\n\n<div class=\"wp-block-group alignfull has-base-color has-contrast-background-color has-text-color has-background has-global-padding is-layout-constrained wp-container-core-group-is-layout-2a0966ce wp-block-group-is-layout-constrained\" style=\"margin-top:0;padding-top:var(--wp--preset--spacing--x-large);padding-right:30px;padding-bottom:var(--wp--preset--spacing--x-large);padding-left:30px\">\n<div class=\"wp-block-columns alignwide are-vertically-aligned-top is-style-columns-reverse is-layout-flex wp-container-core-columns-is-layout-28f84493 wp-block-columns-is-layout-flex\">\n<div class=\"wp-block-column is-vertically-aligned-top is-layout-flow wp-block-column-is-layout-flow\">\n<div class=\"wp-block-group has-global-padding is-content-justification-left is-layout-constrained wp-container-core-group-is-layout-67883db5 wp-block-group-is-layout-constrained\">\n<h2 class=\"wp-block-heading has-max-36-font-size\" id=\"text-on-left-image-on-right\">Votre expert en \u00e9lectricit\u00e9 et plomberie en Savoie : plus de 15 ans au service de votre confort<\/h2>\n\n\n\n<p>Forts d&rsquo;une solide implantation en Savoie depuis plus de 15 ans, nous connaissons intimement les sp\u00e9cificit\u00e9s de notre territoire. Cette expertise locale, acquise au fil de centaines de chantiers men\u00e9s \u00e0 bien, nous permet d&rsquo;anticiper les d\u00e9fis et de proposer des solutions parfaitement adapt\u00e9es \u00e0 votre environnement. <\/p>\n\n\n\n<p>Que vous r\u00e9sidiez dans une vall\u00e9e, en montagne ou en agglom\u00e9ration, notre connaissance approfondie des contraintes climatiques, des architectures locales et des r\u00e9glementations en vigueur est un gage de qualit\u00e9 et de p\u00e9rennit\u00e9 pour vos installations d&rsquo;\u00e9lectricit\u00e9 et de plomberie.<\/p>\n\n\n\n<p>Cette exp\u00e9rience significative nous a permis de tisser un r\u00e9seau de partenaires de confiance et de d\u00e9velopper un savoir-faire reconnu, pla\u00e7ant D&amp;M \u00c9lec &amp; Plomberie comme un acteur majeur de confiance pour vos projets, des plus simples aux plus complexes.<\/p>\n<\/div>\n<\/div>\n\n\n\n<div class=\"wp-block-column is-vertically-aligned-top is-layout-flow wp-block-column-is-layout-flow\">\n<figure class=\"wp-block-image size-full wp-duotone-unset-2\"><img loading=\"lazy\" decoding=\"async\" width=\"2048\" height=\"2048\" src=\"http:\/\/www.dm-elec-plomberie.com\/wp-content\/uploads\/2025\/04\/chantier_chambery_2025.jpeg\" alt=\"\" class=\"wp-image-146\" srcset=\"https:\/\/www.dm-elec-plomberie.com\/wp-content\/uploads\/2025\/04\/chantier_chambery_2025.jpeg 2048w, https:\/\/www.dm-elec-plomberie.com\/wp-content\/uploads\/2025\/04\/chantier_chambery_2025-300x300.jpeg 300w, https:\/\/www.dm-elec-plomberie.com\/wp-content\/uploads\/2025\/04\/chantier_chambery_2025-1024x1024.jpeg 1024w, https:\/\/www.dm-elec-plomberie.com\/wp-content\/uploads\/2025\/04\/chantier_chambery_2025-150x150.jpeg 150w, https:\/\/www.dm-elec-plomberie.com\/wp-content\/uploads\/2025\/04\/chantier_chambery_2025-768x768.jpeg 768w, https:\/\/www.dm-elec-plomberie.com\/wp-content\/uploads\/2025\/04\/chantier_chambery_2025-1536x1536.jpeg 1536w\" sizes=\"auto, (max-width: 2048px) 100vw, 2048px\" \/><\/figure>\n<\/div>\n<\/div>\n<\/div>\n\n\n\n<div class=\"wp-block-group alignwide is-layout-flow wp-block-group-is-layout-flow\">\n<div class=\"wp-block-columns is-layout-flex wp-container-core-columns-is-layout-28f84493 wp-block-columns-is-layout-flex\">\n<div class=\"wp-block-column has-border-color has-contrast-border-color is-layout-flow wp-block-column-is-layout-flow\" style=\"border-width:1px;padding-top:var(--wp--preset--spacing--medium);padding-right:var(--wp--preset--spacing--medium);padding-bottom:var(--wp--preset--spacing--medium);padding-left:var(--wp--preset--spacing--medium)\">\n<h2 class=\"wp-block-heading has-x-large-font-size\" id=\"#nos-services\">Chantier d&rsquo;\u00c9lectricit\u00e9 : Conformit\u00e9, Qualit\u00e9 Fran\u00e7aise et Synergie Artisanale<\/h2>\n\n\n\n<p><strong>D&amp;M Elec &amp; Plomberie<\/strong> assure des installations \u00e9lectriques en Savoie dans <strong>le strict respect des normes en vigueur<\/strong>, garantissant ainsi s\u00e9curit\u00e9 et p\u00e9rennit\u00e9. Soucieux de la qualit\u00e9 et de l&rsquo;origine des fournitures, nous privil\u00e9gions la collaboration avec des <strong>fournisseurs fran\u00e7ais reconnus<\/strong>. Notre exp\u00e9rience nous a \u00e9galement permis de d\u00e9velopper une expertise dans le travail en synergie avec l&rsquo;ensemble des corps de m\u00e9tiers intervenant sur vos projets, assurant une coordination fluide et efficace pour un r\u00e9sultat optimal. Faites confiance \u00e0 notre professionnalisme pour une installation \u00e9lectrique fiable, r\u00e9alis\u00e9e dans les r\u00e8gles de l&rsquo;art.<\/p>\n<\/div>\n\n\n\n<div class=\"wp-block-column has-border-color has-contrast-border-color is-layout-flow wp-block-column-is-layout-flow\" style=\"border-width:1px;padding-top:var(--wp--preset--spacing--medium);padding-right:var(--wp--preset--spacing--medium);padding-bottom:var(--wp--preset--spacing--medium);padding-left:var(--wp--preset--spacing--medium)\">\n<h2 class=\"wp-block-heading has-x-large-font-size\" id=\"sample-heading-1\">Plomberie en Savoie : Solutions Durables, Expertise Technique et Int\u00e9gration Projet<\/h2>\n\n\n\n<p><strong>D&amp;M Elec &amp; Plomberie<\/strong> vous offre en Savoie des solutions de plomberie durables et conformes aux exigences actuelles. Notre expertise technique nous permet de prendre en charge l&rsquo;installation compl\u00e8te de vos <strong>syst\u00e8mes sanitaires<\/strong>, la <strong>r\u00e9novation de salles de<\/strong> bain avec des \u00e9quipements de qualit\u00e9, ainsi que la recherche et la r\u00e9paration de fuites avec pr\u00e9cision. Conscients de l&rsquo;importance d&rsquo;une int\u00e9gration harmonieuse de la plomberie dans vos projets, nous collaborons \u00e9troitement avec les autres corps de m\u00e9tiers pour assurer une <strong>coordination optimale<\/strong> et un r\u00e9sultat final \u00e0 la hauteur de vos attentes. Faites confiance \u00e0 notre savoir-faire pour des installations de plomberie fiables et esth\u00e9tiques.<\/p>\n<\/div>\n<\/div>\n<\/div>\n\n\n\n<div class=\"wp-block-group alignfull has-global-padding is-layout-constrained wp-container-core-group-is-layout-f5a93283 wp-block-group-is-layout-constrained\" id=\"features\" style=\"margin-top:0;padding-top:var(--wp--preset--spacing--x-large);padding-right:30px;padding-bottom:var(--wp--preset--spacing--x-large);padding-left:30px\">\n<div class=\"wp-block-group has-global-padding is-layout-constrained wp-container-core-group-is-layout-963a3989 wp-block-group-is-layout-constrained\" style=\"padding-bottom:var(--wp--preset--spacing--large)\">\n<h2 class=\"wp-block-heading has-text-align-center has-max-60-font-size\" id=\"text-on-left-image-on-right\" style=\"letter-spacing:-1px\">Installation, R\u00e9novation, D\u00e9pannage : L&rsquo;Expertise Compl\u00e8te de D&amp;M \u00c9lec et Plomberie en Savoie<\/h2>\n\n\n\n<p class=\"has-text-align-center\" style=\"line-height:1.5\">Que ce soit pour une installation neuve, une r\u00e9novation compl\u00e8te, une mise aux normes ou un d\u00e9pannage urgent, notre \u00e9quipe qualifi\u00e9e r\u00e9pond pr\u00e9sente. Nous ma\u00eetrisons tous les aspects de l&rsquo;\u00e9lectricit\u00e9 et de la plomberie.<\/p>\n\n\n\n<div class=\"wp-block-buttons is-content-justification-center is-layout-flex wp-container-core-buttons-is-layout-a89b3969 wp-block-buttons-is-layout-flex\">\n<div class=\"wp-block-button is-style-fill\"><a class=\"wp-block-button__link wp-element-button\" href=\"mailto:contact@dm-elec-plomberie.com\">D\u00e9taillez-nous votre projet<\/a><\/div>\n<\/div>\n<\/div>\n\n\n\n<div class=\"wp-block-columns are-vertically-aligned-center is-layout-flex wp-container-core-columns-is-layout-c49eba25 wp-block-columns-is-layout-flex\" style=\"margin-bottom:var(--wp--preset--spacing--large)\">\n<div class=\"wp-block-column is-vertically-aligned-center is-layout-flow wp-block-column-is-layout-flow\">\n<figure class=\"wp-block-image size-full\"><img loading=\"lazy\" decoding=\"async\" width=\"1024\" height=\"1024\" src=\"https:\/\/www.dm-elec-plomberie.com\/wp-content\/uploads\/2025\/04\/image_camionette.png\" alt=\"\" class=\"wp-image-152\" srcset=\"https:\/\/www.dm-elec-plomberie.com\/wp-content\/uploads\/2025\/04\/image_camionette.png 1024w, https:\/\/www.dm-elec-plomberie.com\/wp-content\/uploads\/2025\/04\/image_camionette-300x300.png 300w, https:\/\/www.dm-elec-plomberie.com\/wp-content\/uploads\/2025\/04\/image_camionette-150x150.png 150w, https:\/\/www.dm-elec-plomberie.com\/wp-content\/uploads\/2025\/04\/image_camionette-768x768.png 768w\" sizes=\"auto, (max-width: 1024px) 100vw, 1024px\" \/><\/figure>\n<\/div>\n\n\n\n<div class=\"wp-block-column is-vertically-aligned-center is-layout-flow wp-block-column-is-layout-flow\">\n<h2 class=\"wp-block-heading has-x-large-font-size\">Nos Travaux d&rsquo;\u00c9lectricit\u00e9 en Savoie : Exemples Concrets<\/h2>\n\n\n\n<p>D&amp;M Elec &amp; Plomberie intervient en Savoie pour divers projets \u00e9lectriques <\/p>\n\n\n\n<ul class=\"wp-block-list\">\n<li><strong>Installations compl\u00e8tes<\/strong> (neuf, r\u00e9novation).<\/li>\n\n\n\n<li><strong>\u00c9clairage<\/strong> (int\u00e9rieur, ext\u00e9rieur, basse consommation).<\/li>\n\n\n\n<li><strong>Domotique<\/strong> (gestion connect\u00e9e de votre habitat).<\/li>\n\n\n\n<li><strong>Bornes de recharge<\/strong> pour v\u00e9hicules \u00e9lectriques.<\/li>\n\n\n\n<li><strong>D\u00e9pannage \u00e9lectrique<\/strong> rapide et efficace.<\/li>\n<\/ul>\n\n\n\n<p>Notre expertise assure des solutions sur mesure, conformes et durables pour votre confort.<\/p>\n<\/div>\n<\/div>\n\n\n\n<div class=\"wp-block-columns is-style-columns-reverse is-layout-flex wp-container-core-columns-is-layout-c49eba25 wp-block-columns-is-layout-flex\" style=\"margin-bottom:var(--wp--preset--spacing--large)\">\n<div class=\"wp-block-column is-vertically-aligned-center is-layout-flow wp-block-column-is-layout-flow\">\n<h2 class=\"wp-block-heading has-x-large-font-size\"><strong>Ce Que Nous Faisons en Plomberie en Savoie<\/strong><\/h2>\n\n\n\n<ul class=\"wp-block-list\">\n<li><strong>Installations sanitaires<\/strong> (neuf, r\u00e9novation).<\/li>\n\n\n\n<li><strong>R\u00e9novation de salles de bain<\/strong> (am\u00e9nagement sur mesure).<\/li>\n\n\n\n<li><strong>Recherche et r\u00e9paration de fuites<\/strong> (diagnostic pr\u00e9cis).<\/li>\n\n\n\n<li><strong>Installation de chauffe-eau<\/strong> (solutions performantes).<\/li>\n\n\n\n<li><strong>D\u00e9pannage plomberie<\/strong> rapide et efficace.<\/li>\n<\/ul>\n\n\n\n<p>Notre savoir-faire vous garantit des installations fiables et durables pour votre confort quotidien.<\/p>\n<\/div>\n\n\n\n<div class=\"wp-block-column is-layout-flow wp-block-column-is-layout-flow\">\n<figure class=\"wp-block-image size-full\"><img loading=\"lazy\" decoding=\"async\" width=\"2048\" height=\"2048\" src=\"http:\/\/www.dm-elec-plomberie.com\/wp-content\/uploads\/2025\/04\/chantier_tarentaise_2025.jpeg\" alt=\"\" class=\"wp-image-153\" srcset=\"https:\/\/www.dm-elec-plomberie.com\/wp-content\/uploads\/2025\/04\/chantier_tarentaise_2025.jpeg 2048w, https:\/\/www.dm-elec-plomberie.com\/wp-content\/uploads\/2025\/04\/chantier_tarentaise_2025-300x300.jpeg 300w, https:\/\/www.dm-elec-plomberie.com\/wp-content\/uploads\/2025\/04\/chantier_tarentaise_2025-1024x1024.jpeg 1024w, https:\/\/www.dm-elec-plomberie.com\/wp-content\/uploads\/2025\/04\/chantier_tarentaise_2025-150x150.jpeg 150w, https:\/\/www.dm-elec-plomberie.com\/wp-content\/uploads\/2025\/04\/chantier_tarentaise_2025-768x768.jpeg 768w, https:\/\/www.dm-elec-plomberie.com\/wp-content\/uploads\/2025\/04\/chantier_tarentaise_2025-1536x1536.jpeg 1536w\" sizes=\"auto, (max-width: 2048px) 100vw, 2048px\" \/><\/figure>\n<\/div>\n<\/div>\n<\/div>\n","protected":false},"excerpt":{"rendered":"<p>L&rsquo;Exigence au C\u0153ur de Votre Confort en Savoie Experts en \u00e9lectricit\u00e9 et plomberie pour des installations durables et de qualit\u00e9, au service de votre bien-\u00eatre dans toute la Savoie.\ud83d\udeb0\ud83d\udca1 Votre expert en \u00e9lectricit\u00e9 et plomberie en Savoie : plus de 15 ans au service de votre confort Forts d&rsquo;une solide implantation en Savoie depuis plus [&hellip;]<\/p>\n","protected":false},"author":1,"featured_media":0,"parent":0,"menu_order":0,"comment_status":"closed","ping_status":"closed","template":"no-title","meta":{"footnotes":""},"class_list":["post-123","page","type-page","status-publish","hentry"],"_links":{"self":[{"href":"https:\/\/www.dm-elec-plomberie.com\/index.php\/wp-json\/wp\/v2\/pages\/123","targetHints":{"allow":["GET"]}}],"collection":[{"href":"https:\/\/www.dm-elec-plomberie.com\/index.php\/wp-json\/wp\/v2\/pages"}],"about":[{"href":"https:\/\/www.dm-elec-plomberie.com\/index.php\/wp-json\/wp\/v2\/types\/page"}],"author":[{"embeddable":true,"href":"https:\/\/www.dm-elec-plomberie.com\/index.php\/wp-json\/wp\/v2\/users\/1"}],"replies":[{"embeddable":true,"href":"https:\/\/www.dm-elec-plomberie.com\/index.php\/wp-json\/wp\/v2\/comments?post=123"}],"version-history":[{"count":7,"href":"https:\/\/www.dm-elec-plomberie.com\/index.php\/wp-json\/wp\/v2\/pages\/123\/revisions"}],"predecessor-version":[{"id":154,"href":"https:\/\/www.dm-elec-plomberie.com\/index.php\/wp-json\/wp\/v2\/pages\/123\/revisions\/154"}],"wp:attachment":[{"href":"https:\/\/www.dm-elec-plomberie.com\/index.php\/wp-json\/wp\/v2\/media?parent=123"}],"curies":[{"name":"wp","href":"https:\/\/api.w.org\/{rel}","templated":true}]}}